0.
125
Calculate the greatest common factor of 28 and 259.
7
Calculate the greatest common divisor of 285 and 15.
15
Calculate the greatest common divisor of 20 and 165.
5
Calculate the greatest common factor of 252 and 112.
28
What is the greatest common divisor of 405 and 45?
45
Calculate the highest common factor of 1 and 125.
1
What is the greatest common factor of 30 and 190?
10
What is the greatest common divisor of 9 and 42?
3
What is the highest common factor of 203 and 783?
29
Calculate the highest common factor of 390 and 510.
30
Calculate the highest common factor of 30 and 1320.
30
What is the greatest common divisor of 621 and 513?
27
What is the greatest common divisor of 120 and 80?
40
Calculate the highest common divisor of 1573 and 2431.
143
What is the highest common divisor of 9054 and 18?
18
What is the highest common divisor of 39 and 65?
13
What is the highest common divisor of 220 and 4660?
20
Calculate the greatest common divisor of 7 and 161.
7
What is the highest common divisor of 16635 and 15?
15
Calculate the highest common divisor of 7 and 189.
7
Calculate the greatest common factor of 65 and 2795.
65
What is the highest common divisor of 308 and 1904?
28
What is the greatest common factor of 480 and 448?
32
Calculate the greatest common factor of 8 and 821.
1
What is the highest common factor of 2524 and 8?
4
Calculate the greatest common divisor of 252 and 112.
28
Calculate the highest common divisor of 344 and 43.
43
Calculate the highest common factor of 1625 and 273.
13
What is the highest common factor of 234 and 2034?
18
Calculate the greatest common divisor of 195 and 15.
15
Calculate the greatest common factor of 528 and 384.
48
Calculate the highest common factor of 108 and 486.
54
Calculate the highest common divisor of 55 and 671.
11
Calculate the highest common divisor of 14999 and 53.
53
Calculate the highest common divisor of 1081 and 94.
47
What is the highest common factor of 2242 and 304?
38
What is the greatest common divisor of 14 and 14?
14
What is the greatest common factor of 147 and 49?
49
Calculate the greatest common factor of 2460 and 82.
82
Calculate the greatest common divisor of 88 and 154.
22
Calculate the greatest common factor of 6025 and 25.
25
What is the greatest common factor of 10 and 40?
10
What is the highest common factor of 492 and 369?
123
Calculate the highest common factor of 1526 and 252.
14
What is the highest common divisor of 70 and 3290?
70
What is the highest common factor of 5 and 503?
1
What is the highest common divisor of 75 and 3?
3
What is the highest common factor of 217 and 28?
7
What is the greatest common divisor of 9 and 408?
3
Calculate the highest common factor of 1768 and 65.
13
What is the highest common factor of 2813 and 1102?
29
Calculate the highest common factor of 262 and 10.
2
Calculate the greatest common divisor of 1014 and 468.
78
Calculate the greatest common factor of 34 and 425.
17
Calculate the greatest common divisor of 8499 and 6.
3
What is the highest common divisor of 2367 and 2104?
263
Calculate the highest common factor of 1320 and 480.
120
Calculate the highest common divisor of 119 and 51.
17
Calculate the highest common divisor of 107 and 214.
107
What is the greatest common divisor of 340 and 35?
5
What is the greatest common divisor of 1397 and 44?
11
Calculate the greatest common divisor of 2502 and 90.
18
What is the greatest common divisor of 330 and 540?
30
Calculate the greatest common factor of 1392 and 156.
12
What is the highest common factor of 3 and 4479?
3
What is the highest common factor of 209 and 57?
19
Calculate the greatest common divisor of 52 and 676.
52
Calculate the highest common factor of 20 and 8.
4
Calculate the greatest common factor of 315 and 45.
45
Calculate the highest common divisor of 123 and 451.
41
What is the greatest common divisor of 160 and 1055?
5
What is the greatest common factor of 6 and 4938?
6
Calculate the greatest common divisor of 108 and 2079.
27
What is the highest common factor of 188 and 44932?
188
What is the greatest common divisor of 847 and 363?
121
What is the greatest common divisor of 39 and 91?
13
What is the highest common factor of 213 and 1917?
213
What is the greatest common factor of 322 and 238?
14
What is the highest common factor of 63 and 1869?
21
What is the highest common factor of 160 and 260?
20
What is the highest common factor of 15 and 215?
5
Calculate the greatest common divisor of 145 and 4843.
29
What is the greatest common divisor of 13830 and 60?
30
What is the highest common divisor of 58 and 406?
58
What is the highest common divisor of 110 and 70?
10
Calculate the greatest common divisor of 170 and 84.
2
What is the greatest common divisor of 800 and 1350?
50
What is the highest common divisor of 54 and 288?
18
What is the greatest common factor of 2870 and 350?
70
Calculate the greatest common divisor of 1104 and 3036.
276
Calculate the highest common factor of 4206 and 18.
6
Calculate the greatest common divisor of 65 and 455.
65
Calculate the greatest common divisor of 50 and 475.
25
Calculate the greatest common divisor of 1590 and 20.
10
What is the greatest common divisor of 30 and 360?
30
Calculate the greatest common divisor of 1221 and 1056.
33
Calculate the greatest common factor of 2015 and 455.
65
What is the greatest common factor of 1470 and 3885?
105
What is the greatest common divisor of 235 and 5?
5
What is the greatest common divisor of 2037 and 147?
21
Calculate the greatest common factor of 138 and 12.
6
Calculate the highest common divisor of 2684 and 3904.
244
Calculate the greatest common divisor of 13735 and 410.
205
What is the greatest common factor of 210 and 40?
10
What is the highest common divisor of 272 and 720?
16
What is the highest common divisor of 16401 and 231?
231
Calculate the highest common factor of 637 and 2401.
49
What is the highest common divisor of 188 and 4606?
94
Calculate the highest common factor of 18502 and 22.
22
What is the highest common divisor of 38 and 437?
19
What is the highest common divisor of 642 and 12?
6
Calculate the highest common factor of 13032 and 4.
4
What is the highest common factor of 1210 and 40?
10
Calculate the greatest common factor of 42 and 174.
6
Calculate the greatest common divisor of 53288 and 8.
8
Calculate the highest common divisor of 2944 and 1840.
368
Calculate the greatest common divisor of 1717 and 1111.
101
Calculate the highest common factor of 20 and 3740.
20
What is the greatest common factor of 36 and 141?
3
Calculate the greatest common divisor of 32 and 608.
32
What is the highest common divisor of 1360 and 80?
80
What is the highest common divisor of 14 and 133?
7
Calculate the highest common factor of 127 and 3.
1
Calculate the highest common factor of 15 and 15.
15
Calculate the greatest common divisor of 40 and 90440.
40
What is the highest common factor of 14 and 889?
7
What is the highest common factor of 1287 and 234?
117
Calculate the greatest common divisor of 13 and 637.
13
What is the greatest common factor of 999 and 37?
37
What is the greatest common divisor of 552 and 16?
8
What is the greatest common factor of 4248 and 396?
36
Calculate the greatest common factor of 144 and 90.
18
Calculate the greatest common divisor of 306 and 45.
9
Calculate the highest common divisor of 22 and 16.
2
Calculate the highest common factor of 1147 and 248.
31
What is the highest common factor of 24 and 200?
8
What is the greatest common factor of 63 and 1491?
21
What is the greatest common factor of 140 and 3668?
28
Calculate the highest common divisor of 132 and 1221.
33
What is the highest common factor of 15 and 105?
15
Calculate the greatest common divisor of 1 and 45.
1
Calculate the highest common factor of 1440 and 270.
90
Calculate the greatest common divisor of 7 and 3031.
7
What is the highest common divisor of 467 and 2?
1
Calculate the highest common divisor of 72 and 288.
72
Calculate the highest common divisor of 7 and 9548.
7
Calculate the greatest common divisor of 120 and 45.
15
What is the highest common divisor of 1475 and 59?
59
What is the highest common factor of 184 and 46?
46
What is the highest common factor of 15 and 75?